{"id":63,"date":"2019-07-07T16:27:46","date_gmt":"2019-07-07T14:27:46","guid":{"rendered":"http:\/\/www.handball-loebtau.de\/wp_hb\/?page_id=63"},"modified":"2025-02-23T14:29:59","modified_gmt":"2025-02-23T13:29:59","slug":"wirueberuns","status":"publish","type":"page","link":"https:\/\/www.handball-loebtau.de\/?page_id=63","title":{"rendered":"Wir \u00fcber uns"},"content":{"rendered":"\n<p>Wer wir sind:<\/p>\n\n\n\n<p>Wir sind eine Handballmannschaft der SpVgg Dresden-L\u00f6btau. Bis zur Saison 2023\/2024 spielten wir in der Bezirksklasse S-M des Bezirks Sachsen-Mitte im Punktspielbetrieb.<\/p>\n\n\n\n<p><img loading=\"lazy\" decoding=\"async\" width=\"150\" height=\"154\" class=\"wp-image-115\" style=\"width: 150px;\" alt=\"\" src=\"http:\/\/www.handball-loebtau.de\/wp_hb\/wp-content\/uploads\/2019\/07\/logo_spvgg.jpg\" srcset=\"https:\/\/www.handball-loebtau.de\/wp-content\/uploads\/2019\/07\/logo_spvgg.jpg 350w, https:\/\/www.handball-loebtau.de\/wp-content\/uploads\/2019\/07\/logo_spvgg-230x237.jpg 230w\" sizes=\"auto, (max-width: 150px) 100vw, 150px\" \/><\/p>\n\n\n\n<p>Wir sind eine bunt gemischte Truppe aus allen Lebensbereichen. Ob Familienv\u00e4ter, Studenten, Arbeiter oder Angestellte. Jeder hat seine St\u00e4rken und seine Schw\u00e4chen.<\/p>\n\n\n\n<p><\/p>\n","protected":false},"excerpt":{"rendered":"<p>Wer wir sind: Wir sind eine Handballmannschaft der SpVgg Dresden-L\u00f6btau. Bis zur Saison 2023\/2024 spielten wir in der Bezirksklasse S-M des Bezirks Sachsen-Mitte im Punktspielbetrieb. Wir sind eine bunt gemischte Truppe aus allen Lebensbereichen. Ob Familienv\u00e4ter, Studenten, Arbeiter oder Angestellte. Jeder hat seine St\u00e4rken und seine Schw\u00e4chen.<\/p>\n","protected":false},"author":1,"featured_media":0,"parent":0,"menu_order":0,"comment_status":"closed","ping_status":"closed","template":"template-threecolumnsleft.php","meta":{"footnotes":""},"class_list":["post-63","page","type-page","status-publish","hentry","nodate","item-wrap"],"_links":{"self":[{"href":"https:\/\/www.handball-loebtau.de\/index.php?rest_route=\/wp\/v2\/pages\/63","targetHints":{"allow":["GET"]}}],"collection":[{"href":"https:\/\/www.handball-loebtau.de\/index.php?rest_route=\/wp\/v2\/pages"}],"about":[{"href":"https:\/\/www.handball-loebtau.de\/index.php?rest_route=\/wp\/v2\/types\/page"}],"author":[{"embeddable":true,"href":"https:\/\/www.handball-loebtau.de\/index.php?rest_route=\/wp\/v2\/users\/1"}],"replies":[{"embeddable":true,"href":"https:\/\/www.handball-loebtau.de\/index.php?rest_route=%2Fwp%2Fv2%2Fcomments&post=63"}],"version-history":[{"count":8,"href":"https:\/\/www.handball-loebtau.de\/index.php?rest_route=\/wp\/v2\/pages\/63\/revisions"}],"predecessor-version":[{"id":418,"href":"https:\/\/www.handball-loebtau.de\/index.php?rest_route=\/wp\/v2\/pages\/63\/revisions\/418"}],"wp:attachment":[{"href":"https:\/\/www.handball-loebtau.de\/index.php?rest_route=%2Fwp%2Fv2%2Fmedia&parent=63"}],"curies":[{"name":"wp","href":"https:\/\/api.w.org\/{rel}","templated":true}]}}